remainder when 2780 is divided by 23?
20
What is the remainder when 798 is divided by 13?
5
What is the remainder when 265 is divided by 39?
31
What is the remainder when 45 is divided by 13?
6
Calculate the remainder when 29 is divided by 7.
1
What is the remainder when 82 is divided by 15?
7
What is the remainder when 387 is divided by 207?
180
Calculate the remainder when 81 is divided by 33.
15
Calculate the remainder when 997 is divided by 178.
107
Calculate the remainder when 299 is divided by 71.
15
What is the remainder when 5576 is divided by 39?
38
Calculate the remainder when 391 is divided by 192.
7
Calculate the remainder when 71 is divided by 20.
11
What is the remainder when 120 is divided by 27?
12
Calculate the remainder when 139 is divided by 31.
15
Calculate the remainder when 261 is divided by 12.
9
Calculate the remainder when 256 is divided by 53.
44
What is the remainder when 2082 is divided by 15?
12
What is the remainder when 654 is divided by 18?
6
Calculate the remainder when 73 is divided by 15.
13
What is the remainder when 320 is divided by 56?
40
Calculate the remainder when 3457 is divided by 10.
7
What is the remainder when 44 is divided by 19?
6
Calculate the remainder when 1046 is divided by 30.
26
Calculate the remainder when 346 is divided by 33.
16
What is the remainder when 114 is divided by 64?
50
Calculate the remainder when 138 is divided by 78.
60
What is the remainder when 124 is divided by 77?
47
Calculate the remainder when 87 is divided by 77.
10
What is the remainder when 269 is divided by 31?
21
What is the remainder when 99 is divided by 7?
1
What is the remainder when 1102 is divided by 13?
10
What is the remainder when 241 is divided by 228?
13
What is the remainder when 476 is divided by 27?
17
Calculate the remainder when 1880 is divided by 37.
30
What is the remainder when 2798 is divided by 96?
14
Calculate the remainder when 1252 is divided by 155.
12
What is the remainder when 143 is divided by 63?
17
Calculate the remainder when 137 is divided by 131.
6
What is the remainder when 100 is divided by 21?
16
Calculate the remainder when 71 is divided by 60.
11
What is the remainder when 834 is divided by 11?
9
What is the remainder when 1389 is divided by 127?
119
Calculate the remainder when 27 is divided by 10.
7
What is the remainder when 501 is divided by 23?
18
Calculate the remainder when 1307 is divided by 1305.
2
What is the remainder when 730 is divided by 12?
10
What is the remainder when 651 is divided by 83?
70
Calculate the remainder when 24 is divided by 13.
11
What is the remainder when 575 is divided by 160?
95
What is the remainder when 57 is divided by 23?
11
What is the remainder when 1304 is divided by 432?
8
Calculate the remainder when 4407 is divided by 14.
11
Calculate the remainder when 646 is divided by 93.
88
What is the remainder when 20725 is divided by 43?
42
What is the remainder when 3273 is divided by 36?
33
What is the remainder when 229 is divided by 29?
26
Calculate the remainder when 116 is divided by 41.
34
What is the remainder when 114 is divided by 100?
14
What is the remainder when 2311 is divided by 19?
12
Calculate the remainder when 154 is divided by 33.
22
What is the remainder when 68 is divided by 21?
5
What is the remainder when 4635 is divided by 19?
18
Calculate the remainder when 137 is divided by 55.
27
Calculate the remainder when 3209 is divided by 214.
213
Calculate the remainder when 662 is divided by 160.
22
Calculate the remainder when 4661 is divided by 22.
19
What is the remainder when 358 is divided by 162?
34
Calculate the remainder when 222 is divided by 23.
15
What is the remainder when 153 is divided by 12?
9
Calculate the remainder when 218 is divided by 37.
33
What is the remainder when 45 is divided by 16?
13
Calculate the remainder when 669 is divided by 52.
45
Calculate the remainder when 881 is divided by 42.
41
What is the remainder when 41 is divided by 33?
8
Calculate the remainder when 150 is divided by 60.
30
Calculate the remainder when 1031 is divided by 43.
42
What is the remainder when 14 is divided by 3?
2
Calculate the remainder when 405 is divided by 8.
5
Calculate the remainder when 183 is divided by 22.
7
What is the remainder when 799 is divided by 35?
29
What is the remainder when 844 is divided by 77?
74
Calculate the remainder when 293 is divided by 79.
56
Calculate the remainder when 273 is divided by 55.
53
What is the remainder when 530 is divided by 30?
20
Calculate the remainder when 93 is divided by 35.
23
What is the remainder when 182 is divided by 27?
20
Calculate the remainder when 2254 is divided by 31.
22
Calculate the remainder when 3334 is divided by 24.
22
Calculate the remainder when 540 is divided by 52.
20
What is the remainder when 3778 is divided by 210?
208
Calculate the remainder when 108 is divided by 71.
37
Calculate the remainder when 1485 is divided by 186.
183
Calculate the remainder when 82 is divided by 75.
7
What is the remainder when 77 is divided by 35?
7
What is the remainder when 153 is divided by 80?
73
What is the remainder when 1849 is divided by 59?
20
What is the remainder when 228 is divided by 98?
32
What is the remainder when 23 is divided by 9?
5
What is the remainder when 525 is divided by 17?
15
What is the remainder when 1031 is divided by 15?
11
Calculate the remainder when 128 is divided by 114.
14
Calculate the remainder when 1207 is divided by 301.
3
Calculate the remainder when 248 is divided by 42.
38
Calculate the remainder when 162 is divided by 14.
8
What is the remainder when 102 is divided by 3?
0
Calculate the remainder when 492 is divided by 29.
28
Calculate the remainder when 35 is divided by 12.
11
Calculate the remainder when 137 is divided by 46.
45
Calculate the remainder when 549 is divided by 8.
5
Calculate the remainder when 1301 is divided by 254.
31
What is the remainder when 15 is divided by 8?
7
Calculate the remainder when 846 is divided by 108.
90
What is the remainder when 1450 is divided by 30?
10
Calculate the remainder when 2061 is divided by 43.
40
Calculate the remainder when 126 is divided by 84.
42
What is the remainder when 60 is divided by 32?
28
What is the remainder when 2380 is divided by 402?
370
Calculate the remainder when 94 is divided by 80.
14
What is the remainder when 1124 is divided by 8?
4
What is the remainder when 1150 is divided by 123?
43
Calculate the remainder when 36 is divided by 25.
11
Calculate the remainder when 472 is divided by 39.
4
Calculate the remainder when 1784 is divided by 149.
145
What is the remainder when 554 is divided by 150?
104
What is the remainder when 41 is divided by 23?
18
What is the remainder when 83 is divided by 21?
20
What is the remainder when 28 is divided by 4?
0
Calculate the remainder when 49 is divided by 6.
1
Calculate the remainder when 3481 is divided by 290.
1
What is the remainder when 641 is divided by 300?
41
Calculate the remainder when 3651 is divided by 22.
21
What is the remainder when 6704 is divided by 15?
14
What is the remainder when 4796 is divided by 16?
12
What is the remainder when 117 is divided by 27?
9
What is the remainder when 258 is divided by 148?
110
What is the remainder when 12709 is divided by 62?
61
What is the remainder when 864 is divided by 215?
4
Calculate the remainder when 62638 is divided by 240.
238
What is the remainder when 1260 is divided by 387?
99
Calculate the remainder when 231 is divided by 32.
7
Calculate the remainder when 2180 is divided by 128.
4
Calculate the remainder when 7187 is divided by 13.
11
Calculate the remainder when 241 is divided by 63.
52
What is the remainder when 3385 is divided by 1125?
10
Calculate the remainder when 4291 is divided by 12.
7
What is the remainder when 35 is divided by 30?
5
What is the remainder when 215 is divided by 76?
63
What is the remainder when 244 is divided by 236?
8
Calculate the remainder when 365 is divided by 4.
1
Calculate the remainder when 4938 is divided by 13.
11
What is the remainder when 785 is divided by 27?
2
What is the remainder when 156 is divided by 20?
16
Calculate the remainder when 62 is divided by 28.
6
Calculate the remainder when 482 is divid